et h(g) = 4*g + 250. What is h(-65)?
-10
Let y(g) = -g**3 - 4*g**2 + 5713*g + 17156. Give y(-3).
8
Let r(a) = 7*a - 136. Determine r(19).
-3
Let y(z) = 122*z - 744. Give y(6).
-12
Let m(n) = n**3 - 11*n**2 - 13*n - 4. Determine m(6).
-262
Let v(k) = 304*k - 1825. What is v(6)?
-1
Let l(k) = 2*k**3 + 11*k**2 - 7*k + 105. Determine l(-7).
7
Let r(j) = j**3 - 36*j**2 - 36*j + 191. Calculate r(37).
228
Let t(g) = 3*g**3 - 15*g**2 - g - 7. Calculate t(5).
-12
Let v(l) = -30*l**2 + 61*l + 1. Give v(5).
-444
Let f(x) = -x**3 - 20*x**2 - 2*x + 264. What is f(-19)?
-59
Let t(h) = 192*h - 110. What is t(2)?
274
Let b(l) = 102*l**2 + 917*l - 20. What is b(-9)?
-11
Let j(c) = c**3 - 8*c**2 - 45*c + 361. Give j(7).
-3
Let g(f) = 136*f + 948. Calculate g(-7).
-4
Let d(i) = -103*i + 2252. Give d(22).
-14
Let o(u) = u**3 - 19*u**2 + 18*u - 334. Determine o(19).
8
Let a(g) = 146*g - 5223. Determine a(36).
33
Let u(v) = 3*v**2 + 19*v - 37. Calculate u(-6).
-43
Let n(r) = -297*r + 1486. What is n(5)?
1
Let r(m) = -8*m**2 + 73*m + 7. Give r(-3).
-284
Let w(x) = x**3 - x**2 - 38*x - 34. Calculate w(7).
-6
Let z(d) = -4*d**2 + 70*d - 219. Determine z(16).
-123
Let n(a) = -650*a + 5826. Give n(9).
-24
Let k(p) = 1189*p + 22568. Give k(-19).
-23
Let r(d) = -33*d + 64. Determine r(5).
-101
Let g(f) = 167*f - 8046. What is g(48)?
-30
Let y(q) = -2985*q - 2979. What is y(-1)?
6
Let m(h) = -8*h**2 + 65*h - 8. Calculate m(7).
55
Let q(d) = -d**2 - 132*d - 3672. Give q(-39).
-45
Let y(w) = -w**3 - 34*w**2 - 91*w + 153. Determine y(-31).
91
Let t(l) = 4*l**2 - 60*l - 168. What is t(18)?
48
Let k(a) = -a**3 - 12*a**2 - 22*a - 48. Determine k(-10).
-28
Let t(o) = -o**3 - 10*o**2 + 17*o + 58. Calculate t(-7).
-208
Let g(b) = 2*b**2 + 48*b - 139. Determine g(-28).
85
Let k(v) = 521*v + 5203. What is k(-10)?
-7
Let x(h) = -1385*h - 2798. Determine x(-2).
-28
Let h(t) = -38*t + 147. Calculate h(4).
-5
Let o(v) = -2*v**3 + 34*v**2 - 20*v - 21. Calculate o(17).
-361
Let s(m) = 14*m**2 + 86*m - 15. Give s(-8).
193
Let n(s) = 7*s**2 + 6*s + 20. Give n(-4).
108
Let h(t) = 17*t + 457. Determine h(-30).
-53
Let b(z) = -z**3 + 14*z**2 + 46*z + 28. What is b(15)?
493
Let k(t) = -1159*t + 16226. Give k(14).
0
Let g(i) = 381*i - 2303. Determine g(6).
-17
Let h(b) = 4*b**3 - 56*b**2 - 3*b + 13. What is h(14)?
-29
Let n(w) = -10*w - 139. What is n(-14)?
1
Let m(b) = -b**2 - 11*b + 78. Calculate m(5).
-2
Let s(y) = 99*y**2 - 984*y - 58. What is s(10)?
2
Let r(y) = -2*y**3 - 5*y**2 + 2*y - 29. What is r(-4)?
11
Let j(v) = v**3 - 4*v**2 - 61*v + 15. Give j(-6).
21
Let i(k) = 11*k**2 + k - 15. Give i(-4).
157
Let c(g) = -51*g**3 - 1881*g**2 + 221*g - 45. Determine c(-37).
-8
Let v(d) = d**2 + 9*d - 1092. What is v(-36)?
-120
Let a(n) = 850*n + 2511. Calculate a(-3).
-39
Let v(k) = 49*k**2 - 4*k + 16. Calculate v(2).
204
Let t(p) = p**3 + 28*p**2 - p - 36. What is t(-28)?
-8
Let k(l) = l**3 - 4*l**2 + 8*l + 5. Calculate k(2).
13
Let h(m) = -5*m**3 + 50*m**2 - 107*m + 1. Determine h(3).
-5
Let i(k) = -k**3 + 14*k**2 - 11*k + 160. Determine i(14).
6
Let p(m) = -m**2 + 3*m + 77. What is p(17)?
-161
Let o(i) = 3*i - 22. Calculate o(0).
-22
Let o(x) = x**3 - 2*x**2 - 15*x + 26. Give o(-5).
-74
Let j(c) = 5492*c - 60414. Calculate j(11).
-2
Let u(i) = -i**3 + 179*i**2 + i - 172. Determine u(179).
7
Let k(v) = -v**3 + 9*v**2 - 131*v + 991. What is k(8)?
7
Let m(i) = 14*i + 274. Give m(-27).
-104
Let d(n) = -533*n + 4195. Calculate d(8).
-69
Let n(x) = -24*x**2 - 557*x - 36. Determine n(-22).
602
Let t(s) = -66*s + 61. Give t(-1).
127
Let g(f) = f**3 + 20*f**2 + 77*f + 2. Give g(-5).
-8
Let a(t) = -149*t**2 - 1. What is a(1)?
-150
Let v(y) = -20*y + 227. Calculate v(14).
-53
Let r(y) = -9*y + 197. What is r(31)?
-82
Let h(k) = 27*k - 201. Calculate h(12).
123
Let n(h) = 181*h + 717. Give n(-5).
-188
Let c(z) = -7*z**2 - 340*z + 515. Calculate c(-50).
15
Let b(c) = -c**3 + 21*c**2 - 33*c - 126. Determine b(19).
-31
Let b(z) = z**2 + 127*z + 3790. What is b(-79)?
-2
Let q(r) = -3*r**2 + 29*r + 10. Give q(11).
-34
Let f(y) = -11*y - 488. What is f(-46)?
18
Let k(i) = 2237*i - 4474. Calculate k(2).
0
Let b(a) = a**3 - 87*a**2 - a - 40. Determine b(87).
-127
Let a(l) = -l**2 - 21*l - 12. Determine a(-8).
92
Let i(t) = -4*t - 17. What is i(-15)?
43
Let k(s) = -s**2 - 67*s - 912. What is k(-45)?
78
Let y(v) = -2*v - 16. Calculate y(-15).
14
Let u(h) = h**3 - 3*h**2 + 71*h - 263. Calculate u(4).
37
Let v(h) = h**3 + 3*h**2 + 120*h + 505. Calculate v(-4).
9
Let b(i) = i**3 - 9*i**2 - 25*i - 130. Determine b(11).
-163
Let a(h) = h**3 + 28*h**2 - 21*h - 338. Give a(-28).
250
Let g(j) = -j**2 + 96*j - 659. What is g(9)?
124
Let u(j) = -393*j - 1188. What is u(-3)?
-9
Let t(n) = 2*n**2 + 61*n - 51. Give t(-31).
-20
Let z(n) = -n**3 - 67*n**2 - 84*n - 1195. What is z(-66)?
-7
Let l(z) = -3*z**3 + 123*z**2 - 118*z - 75. What is l(40)?
5
Let d(h) = h**3 - 51*h**2 + 48*h + 166. Give d(50).
66
Let k(g) = g**3 - 13*g**2 + 12*g + 185. Calculate k(11).
75
Let b(c) = 1334*c + 9340. Determine b(-7).
2
Let d(o) = o**2 - 595*o - 14857. Calculate d(-24).
-1
Let p(h) = 2*h**2 - 245*h - 11040. What is p(-35)?
-15
Let x(t) = -7*t**2 + 33*t - 32. Give x(4).
-12
Let s(f) = -89*f**2 + 22*f + 20. Give s(-1).
-91
Let i(d) = 2*d**3 - 4*d**2 + 45*d - 92. What is i(3)?
61
Let a(z) = 15*z**2 + 12*z + 11. Determine a(-4).
203
Let y(x) = 4*x**3 - 14*x + 5. What is y(4)?
205
Let f(z) = z**3 + 19*z**2 + 65*z + 21. Give f(-4).
1
Let b(l) = -4533*l + 27228. Calculate b(6).
30
Let u(f) = f**3 + 6*f**2 - 10*f - 161. Determine u(-7).
-140
Let f(k) = 4*k**2 + 22*k + 16. Determine f(-4).
-8
Let v(j) = 5*j + 139. What is v(-19)?
44
Let z(i) = 2*i**2 - 635*i + 3766. Give z(6).
28
Let a(h) = -111*h**3 - h**2 - 3*h - 1. Give a(-1).
112
Let p(v) = 38*v - 373. Determine p(10).
7
Let j(l) = l**3 + 50*l**2 + 81*l - 751. Give j(-48).
-31
Let k(b) = 56*b - 411. What is k(7)?
-19
Let w(l) = 2*l**2 + 13*l - 19. What is w(3)?
38
Let i(o) = 88*o - 285. Give i(4).
67
Let p(f) = 2*f**3 + 111*f**2 + 62*f + 31. Calculate p(-55).
-354
Let a(b) = -b**3 + 40*b**2 - b - 28. Give a(40).
-68
Let o(f) = -5*f**2 + 70*f + 128. Give o(-2).
-32
Let y(j) = j**2 - 55*j - 8587. Determine y(124).
-31
Let z(q) = -2*q**2 + 20*q + 172. What is z(15)?
22
Let x(r) = -5*r**3 + 82*r**2 - 298*r + 15. Calculate x(11).
4
Let v(n) = 50*n**3 - 3*n**2 + 6*n - 14. Determine v(2).
386
Let u(r) = -r**2 + 38*r - 405. Determine u(25).
-80
Let s(b) = b**3 - 73*b**2 - 558*b - 136. What is s(80)?
24
Let c(f) = -2*f**3 + 29*f**2 - 21*f + 62. Calculate c(14).
-36
Let b(i) = -i**2 + 25*i - 60. Give b(30).
-210
Let n(x) = x**2 - 202*x + 4731. Calculate n(175).
6
Let w(s) = s**3 - 9*s**2 - 10*s + 25. Calculate w(10).
25
Let a(v) = -v**2 - 51*v - 432. What is a(-8)?
-88
Let g(j) = j**3 + 26*j**2 + 6*j - 72. Give g(-25).
403
Let h(c) = -23*c + 1420. What is h(62)?
-6
Let y(c) = 5*c + 162. Calculate y(-33).
-3
Let p(w) = w**3 - 29*w**2 + 103*w - 79. Calculate p(25).
-4
Let q(m) = m**3 - 46*m**2 + 162*m + 23. Determine q(42).
-229
Let g(d) = -2*d**2 - 190*d + 431. Determine g(-97).
43
Let p(y) = -2*y**2 - 25*y - 74. Give p(-7).
3
Let u(p) = -p**2 - 15*p + 154. Give u(-20).
54
Let x(g) = g**2 + 35*g + 192. Determine x(-25).
-58
Let q(i) = -2*i**3 + 38*i**2 + 2*i - 58. Calculate q(19).
-20
Let p(j) = 261*j + 2868. Determine p(-11).
-3
Let w(q) = q**2 - 89*q - 7917. Calculate w(-55).
3
Let g(i) = 3*i**2 + 14*i + 35. Calculate g(-3).
20
Let k(n) = 26*n + 564. Determine k(-33).
-294
Let y(o) = o**2 - 272*o + 5721. Give y(23).
-6
Let s(q) = -44*q**3 - 3*q**2 - 7*q - 6. Calculate s(-2).
348
Let k(i) = i**3 + 107*i**2 + 409*i - 301. Determine k(-103).
8
Let j(q) = q**2 - 74*q + 1301. Give j(30).
-19
Let j(f) = 110*f - 21996. Determine j(200).
4
Let g(u) = -u**3 + 48*u**2 + 263*u - 14. Determine g(53).
-120
Let n(k) = -2383*k - 4709. Determine n(-2).
57
Let h(d) = d**3 - 2*d**2 - 15*d - 1. Give h(5).
-1
Let g(r) = -6*r**2 + 42*r + 300. Determine g(-6).
-168
Let i(h) = 60*h - 486. Calculate i(8).
-6
Let b(g) = -g**3 + 9*g**2 + 19*g + 20. What is b(11)?
-13
Let i(f) = 2*f**3 + 54*f**2 + 303*f - 1. Determine i(-8).
7
Let k(d) = 133*d - 10928. Calculate k(83).
111
Let u(t) = 5*t**2 - 38*t + 18. Calculate u(7).
-3
Let n(x) 